 728228?
2, 182057
What are the prime factors of 302485?
5, 60497
What are the prime factors of 56602?
2, 7, 13, 311
What are the prime factors of 299303?
229, 1307
List the prime factors of 589713.
3, 17, 31, 373
What are the prime factors of 1460795?
5, 7, 41737
What are the prime factors of 1645250?
2, 5, 6581
List the prime factors of 359528.
2, 13, 3457
What are the prime factors of 308057?
17, 18121
List the prime factors of 2692151.
7, 11, 34963
What are the prime factors of 8184984?
2, 3, 341041
What are the prime factors of 21971365?
5, 13, 157, 2153
What are the prime factors of 1923206?
2, 137, 7019
What are the prime factors of 24162389?
17, 1421317
List the prime factors of 17395890.
2, 3, 5, 41, 14143
What are the prime factors of 417200?
2, 5, 7, 149
List the prime factors of 1314958.
2, 31, 127, 167
What are the prime factors of 6796222?
2, 3398111
What are the prime factors of 247002?
2, 3, 7, 5881
What are the prime factors of 13020466?
2, 271, 24023
List the prime factors of 12972892.
2, 41, 79103
What are the prime factors of 846686?
2, 379, 1117
What are the prime factors of 96846?
2, 3, 16141
List the prime factors of 12052125.
3, 5, 3571
List the prime factors of 93435.
3, 5, 6229
What are the prime factors of 535384?
2, 66923
What are the prime factors of 4537287?
3, 504143
What are the prime factors of 165518?
2, 82759
List the prime factors of 9216974.
2, 13, 23, 15413
What are the prime factors of 1224918?
2, 3, 17, 4003
List the prime factors of 212472.
2, 3, 13, 227
List the prime factors of 777220.
2, 5, 38861
What are the prime factors of 157476?
2, 3, 11, 1193
What are the prime factors of 2387790?
2, 3, 5, 43, 617
What are the prime factors of 353016?
2, 3, 4903
List the prime factors of 113081.
113081
List the prime factors of 636646.
2, 318323
What are the prime factors of 88818?
2, 3, 113, 131
What are the prime factors of 13914654?
2, 3, 13, 178393
What are the prime factors of 173378?
2, 86689
What are the prime factors of 247459?
131, 1889
What are the prime factors of 2275407?
3, 252823
What are the prime factors of 62587?
7, 8941
List the prime factors of 19653049.
13, 19, 251, 317
What are the prime factors of 1909733?
7, 149, 1831
List the prime factors of 108015.
3, 5, 19, 379
What are the prime factors of 328082?
2, 41, 4001
List the prime factors of 1466803.
13, 112831
What are the prime factors of 21010736?
2, 1313171
List the prime factors of 2640518.
2, 31, 42589
List the prime factors of 2129968.
2, 239, 557
List the prime factors of 1003147.
41, 43, 569
List the prime factors of 1940076.
2, 3, 53891
What are the prime factors of 8202355?
5, 7, 33479
What are the prime factors of 93813?
3, 31271
What are the prime factors of 410326?
2, 7, 53, 79
What are the prime factors of 2238786?
2, 3, 11, 3769
List the prime factors of 531745.
5, 106349
List the prime factors of 544911.
3, 67, 2711
What are the prime factors of 525036?
2, 3, 43753
What are the prime factors of 13343787?
3, 67, 22129
What are the prime factors of 682362?
2, 3, 167, 227
List the prime factors of 12611145.
3, 5, 840743
What are the prime factors of 692249?
692249
What are the prime factors of 1331113?
7, 190159
List the prime factors of 35944668.
2, 3, 241, 1381
List the prime factors of 6105061.
19, 321319
What are the prime factors of 4653315?
3, 5, 34469
List the prime factors of 2353809.
3, 784603
List the prime factors of 11913748.
2, 7, 11, 47, 823
List the prime factors of 83399.
83399
What are the prime factors of 20544?
2, 3, 107
List the prime factors of 152303.
17, 31
List the prime factors of 303223.
89, 3407
List the prime factors of 4083260.
2, 5, 204163
What are the prime factors of 499110?
2, 3, 5, 127, 131
What are the prime factors of 945645?
3, 5, 23, 2741
What are the prime factors of 63128?
2, 13, 607
List the prime factors of 108358.
2, 17, 3187
What are the prime factors of 4171484?
2, 31, 33641
List the prime factors of 1283557.
11, 116687
What are the prime factors of 607577?
37, 16421
List the prime factors of 10904069.
11, 43, 23053
List the prime factors of 400005.
3, 5, 2963
What are the prime factors of 423135?
3, 5, 9403
What are the prime factors of 144766?
2, 72383
What are the prime factors of 3613753?
11, 13, 37, 683
What are the prime factors of 8264357?
37, 223361
List the prime factors of 13519770.
2, 3, 5, 11, 53, 773
What are the prime factors of 283549?
7, 40507
What are the prime factors of 48508?
2, 67, 181
What are the prime factors of 9583289?
9583289
What are the prime factors of 15317692?
2, 13, 107, 2753
List the prime factors of 954755.
5, 257, 743
List the prime factors of 552150.
2, 3, 5, 409
What are the prime factors of 70517?
151, 467
What are the prime factors of 538228?
2, 239, 563
List the prime factors of 1392723.
3, 154747
What are the prime factors of 581140?
2, 5, 7, 593
List the prime factors of 15180241.
449, 33809
What are the prime factors of 8382292?
2, 17, 123269
List the prime factors of 592274.
2, 296137
What are the prime factors of 319788?
2, 3, 7, 47
What are the prime factors of 113620?
2, 5, 13, 19, 23
List the prime factors of 168650.
2, 5, 3373
What are the prime factors of 193678?
2, 179, 541
What are the prime factors of 54849?
3, 47, 389
List the prime factors of 3000068.
2, 151, 4967
What are the prime factors of 303748?
2, 75937
List the prime factors of 5029630.
2, 5, 113, 4451
What are the prime factors of 8985584?
2, 561599
What are the prime factors of 354799?
354799
What are the prime factors of 627123?
3, 7, 29863
What are the prime factors of 334453?
7, 47779
What are the prime factors of 1764088?
2, 220511
What are the prime factors of 23015869?
97, 237277
What are the prime factors of 230506?
2, 23, 5011
List the prime factors of 6258884.
2, 1564721
What are the prime factors of 1532303?
1532303
What are the prime factors of 3083467?
3083467
What are the prime factors of 1489044?
2, 3, 124087
What are the prime factors of 18764071?
163, 115117
List the prime factors of 255082.
2, 127541
What are the prime factors of 4346877?
3, 19, 76261
List the prime factors of 194231.
43, 4517
List the prime factors of 146904.
2, 3, 6121
What are the prime factors of 100483?
100483
List the prime factors of 128755.
5, 11, 2341
What are the prime factors of 18769376?
2, 586543
What are the prime factors of 660863?
7, 13487
What are the prime factors of 18919020?
2, 3, 5, 29, 83, 131
List the prime factors of 966271.
966271
What are the prime factors of 919577?
227, 4051
List the prime factors of 184740.
2, 3, 5, 3079
List the prime factors of 4288643.
89, 48187
What are the prime factors of 139445?
5, 167
List the prime factors of 476313.
3, 158771
What are the prime factors of 2848801?
89, 32009
What are the prime factors of 146152?
2, 18269
What are the prime factors of 1435560?
2, 3, 5, 7, 1709
List the prime factors of 6432952.
2, 804119
List the prime factors of 6178477.
19, 433, 751
What are the prime factors of 462678?
2, 3, 59, 1307
List the prime factors of 17143137.
3, 11, 197, 293
What are the prime factors of 446499?
3, 23, 719
List the prime factors of 104489.
7, 11, 23, 59
What are the prime factors of 197901?
3, 11, 1999
What are the prime factors of 3425397?
3, 251, 4549
List the prime factors of 34564018.
2, 101, 139, 1231
List the prime factors of 1332811.
29, 45959
What are the prime factors of 156752?
2, 97, 101
List the prime factors of 5621755.
5, 1124351
What are the prime factors of 2464971?
3, 29, 977
List the prime factors of 30308.
2, 7577
List the prime factors of 98444.
2, 24611
What are the prime factors of 3602629?
41, 87869
What are the prime factors of 2107574?
2, 7, 47, 3203
What are the prime factors of 124624?
2, 7789
What are the prime factors of 1990151?
1990151
What are the prime factors of 124293?
3, 13, 3187
What are the prime factors of 974695?
5, 17, 11467
List the prime factors of 2091264.
2, 3, 7, 389
What are the prime factors of 130289?
113, 1153
List the prime factors of 12963.
3, 29, 149
What are the prime factors of 148825?
5, 5953
What are the prime factors of 172611?
3, 2131
List the prime factors of 8856534.
2, 3, 1476089
What are the prime factors of 2866419?
3, 293, 1087
List the prime factors